{"id":81,"date":"2019-02-20T14:17:49","date_gmt":"2019-02-20T14:17:49","guid":{"rendered":"http:\/\/homepageag.max-planck-realschule-koeln.de\/?page_id=81"},"modified":"2025-07-15T06:10:55","modified_gmt":"2025-07-15T06:10:55","slug":"kollegium-2019-2020","status":"publish","type":"page","link":"https:\/\/max-planck-realschule-koeln.de\/?page_id=81","title":{"rendered":"Kollegium 2025\/2026"},"content":{"rendered":"<p>Wenn Sie mit einer Lehrkraft der Schule ein Gespr\u00e4ch f\u00fchren m\u00f6chten, melden Sie sich bitte per Telefon im Sekretariat oder kontaktieren Sie die Lehrkraft pers\u00f6nlich \u00fcber den Ihnen bekannten Kontaktweg.&nbsp;<\/p>\n\n\n<figure class=\"wp-block-image size-large\"><img loading=\"lazy\" decoding=\"async\" width=\"1024\" height=\"645\" src=\"https:\/\/max-planck-realschule-koeln.de\/wp-content\/uploads\/2021\/07\/Kollegiumsfoto-2021-geschnitten-1024x645.jpg\" alt=\"\" class=\"wp-image-2029\" srcset=\"https:\/\/max-planck-realschule-koeln.de\/wp-content\/uploads\/2021\/07\/Kollegiumsfoto-2021-geschnitten-1024x645.jpg 1024w, https:\/\/max-planck-realschule-koeln.de\/wp-content\/uploads\/2021\/07\/Kollegiumsfoto-2021-geschnitten-300x189.jpg 300w, https:\/\/max-planck-realschule-koeln.de\/wp-content\/uploads\/2021\/07\/Kollegiumsfoto-2021-geschnitten-768x484.jpg 768w, https:\/\/max-planck-realschule-koeln.de\/wp-content\/uploads\/2021\/07\/Kollegiumsfoto-2021-geschnitten-1536x967.jpg 1536w, https:\/\/max-planck-realschule-koeln.de\/wp-content\/uploads\/2021\/07\/Kollegiumsfoto-2021-geschnitten-2048x1290.jpg 2048w\" sizes=\"auto, (max-width: 1024px) 100vw, 1024px\" \/><\/figure>\n\n\n\n\n<table id=\"tablepress-7\" class=\"tablepress tablepress-id-7\">\n<thead>\n<tr class=\"row-1\">\n\t<th class=\"column-1\">Name<\/th><th class=\"column-2\">F\u00e4cher<\/th>\n<\/tr>\n<\/thead>\n<tbody class=\"row-striping\">\n<tr class=\"row-2\">\n\t<td class=\"column-1\">Frau Al-Ghoul<\/td><td class=\"column-2\">Englisch, Erdkunde, prakt. Philosophie<\/td>\n<\/tr>\n<tr class=\"row-3\">\n\t<td class=\"column-1\">Frau Altin<\/td><td class=\"column-2\">Mathematik, prakt. Philosophie, Informatik<\/td>\n<\/tr>\n<tr class=\"row-4\">\n\t<td class=\"column-1\">Frau Barr\u00e9<\/td><td class=\"column-2\">Fachkraft f\u00fcr \"Multiprofessionelle Teams\" im Gemeinsamen Lernen<\/td>\n<\/tr>\n<tr class=\"row-5\">\n\t<td class=\"column-1\">Herr Becker<\/td><td class=\"column-2\">Sozialwissenschaften, Geschichte<\/td>\n<\/tr>\n<tr class=\"row-6\">\n\t<td class=\"column-1\">Frau Blum<\/td><td class=\"column-2\">Fachkraft f\u00fcr \"Multiprofessionelle Teams\" im Gemeinsamen Lernen<\/td>\n<\/tr>\n<tr class=\"row-7\">\n\t<td class=\"column-1\">Frau Brennd\u00f6rfer<\/td><td class=\"column-2\">Sonderp\u00e4dagogin<\/td>\n<\/tr>\n<tr class=\"row-8\">\n\t<td class=\"column-1\">Frau Brinker<\/td><td class=\"column-2\">Englisch, Franz\u00f6sich<\/td>\n<\/tr>\n<tr class=\"row-9\">\n\t<td class=\"column-1\">Frau Cremer<\/td><td class=\"column-2\">Musik<\/td>\n<\/tr>\n<tr class=\"row-10\">\n\t<td class=\"column-1\">Frau Dethlefs<\/td><td class=\"column-2\">Englisch, Deutsch<\/td>\n<\/tr>\n<tr class=\"row-11\">\n\t<td class=\"column-1\">Frau Djeha<\/td><td class=\"column-2\">Englisch, Erdkunde<\/td>\n<\/tr>\n<tr class=\"row-12\">\n\t<td class=\"column-1\">Frau D\u00fcnnwald<\/td><td class=\"column-2\">Sonderp\u00e4dagogin<\/td>\n<\/tr>\n<tr class=\"row-13\">\n\t<td class=\"column-1\">Frau Dzionsko<\/td><td class=\"column-2\">Englisch, Kath. Religion (LAA)<\/td>\n<\/tr>\n<tr class=\"row-14\">\n\t<td class=\"column-1\">Frau Ebbert<\/td><td class=\"column-2\">Mathematik, Technik, prakt. Philosophie<\/td>\n<\/tr>\n<tr class=\"row-15\">\n\t<td class=\"column-1\">Frau Eisemann<\/td><td class=\"column-2\">Kunst, Sonderp\u00e4dagogik<\/td>\n<\/tr>\n<tr class=\"row-16\">\n\t<td class=\"column-1\">Frau Engel<\/td><td class=\"column-2\">Sonderp\u00e4dagogin<\/td>\n<\/tr>\n<tr class=\"row-17\">\n\t<td class=\"column-1\">Herr Gercek<\/td><td class=\"column-2\">Biologie, Chemie, Sport<\/td>\n<\/tr>\n<tr class=\"row-18\">\n\t<td class=\"column-1\">Herr Gittel<\/td><td class=\"column-2\">Chemie, Biologie, kath. Religion<\/td>\n<\/tr>\n<tr class=\"row-19\">\n\t<td class=\"column-1\">Frau Goebel<\/td><td class=\"column-2\">Englisch, Sozialwissenschaften<\/td>\n<\/tr>\n<tr class=\"row-20\">\n\t<td class=\"column-1\">Herr Gonel<\/td><td class=\"column-2\">Sonderp\u00e4dagoge<\/td>\n<\/tr>\n<tr class=\"row-21\">\n\t<td class=\"column-1\">Frau Gruber<\/td><td class=\"column-2\">Prakt. Philosophie, Kunst, Sozialwissenschaften<\/td>\n<\/tr>\n<tr class=\"row-22\">\n\t<td class=\"column-1\">Herr Gutschke<\/td><td class=\"column-2\">Kunst, Geschichte<\/td>\n<\/tr>\n<tr class=\"row-23\">\n\t<td class=\"column-1\">Herr Hachenberg<\/td><td class=\"column-2\">Sport, prakt. Philosophie<\/td>\n<\/tr>\n<tr class=\"row-24\">\n\t<td class=\"column-1\">Frau H\u00e4rtel-K\u00fcpferle<\/td><td class=\"column-2\">Englisch, Biologie, Chemie<\/td>\n<\/tr>\n<tr class=\"row-25\">\n\t<td class=\"column-1\">Frau H\u00e4u\u00dfler<\/td><td class=\"column-2\">Deutsch, Sozialwissenschaften<\/td>\n<\/tr>\n<tr class=\"row-26\">\n\t<td class=\"column-1\">Herr Herrmann<\/td><td class=\"column-2\">Mathematik, Geschichte, Informatik<\/td>\n<\/tr>\n<tr class=\"row-27\">\n\t<td class=\"column-1\">Frau Hinterleitner<\/td><td class=\"column-2\">Englisch, Biologie<\/td>\n<\/tr>\n<tr class=\"row-28\">\n\t<td class=\"column-1\">Frau Imeri<\/td><td class=\"column-2\">Deutsch, Geschichte<\/td>\n<\/tr>\n<tr class=\"row-29\">\n\t<td class=\"column-1\">Frau Kale\u00df<\/td><td class=\"column-2\">Deutsch, Franz\u00f6sisch<\/td>\n<\/tr>\n<tr class=\"row-30\">\n\t<td class=\"column-1\">Frau Karacan<\/td><td class=\"column-2\">Mathematik, Sozialwissenschaft<\/td>\n<\/tr>\n<tr class=\"row-31\">\n\t<td class=\"column-1\">Frau Kassner<\/td><td class=\"column-2\">Franz\u00f6sisch, Englisch, kath. Religion<\/td>\n<\/tr>\n<tr class=\"row-32\">\n\t<td class=\"column-1\">Frau Kessel<\/td><td class=\"column-2\">Englisch, Franz\u00f6sisch, Musik, Spanisch<\/td>\n<\/tr>\n<tr class=\"row-33\">\n\t<td class=\"column-1\">Herr Knickenberg<\/td><td class=\"column-2\">Mathematik, Erdkunde<\/td>\n<\/tr>\n<tr class=\"row-34\">\n\t<td class=\"column-1\">Herr Klein<\/td><td class=\"column-2\">Deutsch, Musik<\/td>\n<\/tr>\n<tr class=\"row-35\">\n\t<td class=\"column-1\">Frau Kreidel<\/td><td class=\"column-2\">Deutsch, Geschichte (LAA)<\/td>\n<\/tr>\n<tr class=\"row-36\">\n\t<td class=\"column-1\">Frau Licht<\/td><td class=\"column-2\">Schulsozialarbeit<\/td>\n<\/tr>\n<tr class=\"row-37\">\n\t<td class=\"column-1\">Frau L\u00f6bach<\/td><td class=\"column-2\">Mathematik, Physik, Technik<\/td>\n<\/tr>\n<tr class=\"row-38\">\n\t<td class=\"column-1\">Herr Luft<\/td><td class=\"column-2\">Sport, Sozialwissenschaft, Politik<\/td>\n<\/tr>\n<tr class=\"row-39\">\n\t<td class=\"column-1\">Frau Macar<\/td><td class=\"column-2\">Mathematik, Geschichte<\/td>\n<\/tr>\n<tr class=\"row-40\">\n\t<td class=\"column-1\">Frau Meurer<\/td><td class=\"column-2\">Deutsch, DAZ, Politik<\/td>\n<\/tr>\n<tr class=\"row-41\">\n\t<td class=\"column-1\">Frau Meyer<\/td><td class=\"column-2\">Deutsch, ev. Religion Sonderp\u00e4dagogik<\/td>\n<\/tr>\n<tr class=\"row-42\">\n\t<td class=\"column-1\">Herr Michalides<\/td><td class=\"column-2\">Chemie, Physik, Informatik, Mathematik<\/td>\n<\/tr>\n<tr class=\"row-43\">\n\t<td class=\"column-1\">Frau M\u00fcller<\/td><td class=\"column-2\">Chemie, Biologie, Mathematik<\/td>\n<\/tr>\n<tr class=\"row-44\">\n\t<td class=\"column-1\">Frau Fetter Nathansky<\/td><td class=\"column-2\">Sonderp\u00e4dagogin<\/td>\n<\/tr>\n<tr class=\"row-45\">\n\t<td class=\"column-1\">Frau Nickels-Banz<\/td><td class=\"column-2\">Mathematik, Chemie, Geschichte<\/td>\n<\/tr>\n<tr class=\"row-46\">\n\t<td class=\"column-1\">Frau Nuth<\/td><td class=\"column-2\">Deutsch, Erdkunde<\/td>\n<\/tr>\n<tr class=\"row-47\">\n\t<td class=\"column-1\">Herr Ohm<\/td><td class=\"column-2\">Deutsch, Erdkunde, ev. Religion<\/td>\n<\/tr>\n<tr class=\"row-48\">\n\t<td class=\"column-1\">Frau Pingen-Falke<\/td><td class=\"column-2\">Fachkraft f\u00fcr \"Multiprofessionelle Teams\" im Gemeinsamen Lernen<\/td>\n<\/tr>\n<tr class=\"row-49\">\n\t<td class=\"column-1\">Frau Porcheddu <\/td><td class=\"column-2\">Mathematik, Biologie, Sozialwissenschaften (Praxissemester)<\/td>\n<\/tr>\n<tr class=\"row-50\">\n\t<td class=\"column-1\">Frau Quodbach<\/td><td class=\"column-2\">Deutsch, Sport, Musik<\/td>\n<\/tr>\n<tr class=\"row-51\">\n\t<td class=\"column-1\">Frau Reusch<\/td><td class=\"column-2\">Physik, Erdkunde, Musik<\/td>\n<\/tr>\n<tr class=\"row-52\">\n\t<td class=\"column-1\">Frau Rohde<\/td><td class=\"column-2\">Englisch, Geschichte<\/td>\n<\/tr>\n<tr class=\"row-53\">\n\t<td class=\"column-1\">Frau Ronge<\/td><td class=\"column-2\">Kunst, Sozialwissenschaften<\/td>\n<\/tr>\n<tr class=\"row-54\">\n\t<td class=\"column-1\">Frau Ruprecht<\/td><td class=\"column-2\">Sonderp\u00e4dagogin<\/td>\n<\/tr>\n<tr class=\"row-55\">\n\t<td class=\"column-1\">Frau Schmorleiz<\/td><td class=\"column-2\">Physik, prakt. Philosophie, Mathematik<\/td>\n<\/tr>\n<tr class=\"row-56\">\n\t<td class=\"column-1\">Frau Serena<\/td><td class=\"column-2\">Deutsch, Erdkunde<\/td>\n<\/tr>\n<tr class=\"row-57\">\n\t<td class=\"column-1\">Frau Slotta<\/td><td class=\"column-2\">Physik, Mathematik<\/td>\n<\/tr>\n<tr class=\"row-58\">\n\t<td class=\"column-1\">Herr Stoll<\/td><td class=\"column-2\">Englisch, Geschichte<\/td>\n<\/tr>\n<tr class=\"row-59\">\n\t<td class=\"column-1\">Frau Suchowsky<\/td><td class=\"column-2\">Deutsch, Musik<\/td>\n<\/tr>\n<tr class=\"row-60\">\n\t<td class=\"column-1\">Frau Theuerkauf<\/td><td class=\"column-2\">Biologie, Sozialwissenschaften<\/td>\n<\/tr>\n<tr class=\"row-61\">\n\t<td class=\"column-1\">Frau Topal<\/td><td class=\"column-2\">Mathematik, Geschichte<\/td>\n<\/tr>\n<tr class=\"row-62\">\n\t<td class=\"column-1\">Frau van Dregt<\/td><td class=\"column-2\">Erdkunde, Sport<\/td>\n<\/tr>\n<tr class=\"row-63\">\n\t<td class=\"column-1\">Frau van Elten<\/td><td class=\"column-2\">Deutsch, Politik<\/td>\n<\/tr>\n<tr class=\"row-64\">\n\t<td class=\"column-1\">Frau W\u00e4chter<\/td><td class=\"column-2\">Deutsch, Englisch, Sport<\/td>\n<\/tr>\n<tr class=\"row-65\">\n\t<td class=\"column-1\">Frau Welzel<\/td><td class=\"column-2\">Deutsch, prakt. Philosophie, Politik (ABB)<\/td>\n<\/tr>\n<tr class=\"row-66\">\n\t<td class=\"column-1\">Herr Witzler<\/td><td class=\"column-2\">Englisch, Sport<\/td>\n<\/tr>\n<tr class=\"row-67\">\n\t<td class=\"column-1\">Frau Woodward<\/td><td class=\"column-2\">Englisch, Deutsch (Orientierungspraktikum)<\/td>\n<\/tr>\n<tr class=\"row-68\">\n\t<td class=\"column-1\">Frau Zemla<\/td><td class=\"column-2\">Deutsch, Biologie, Erdkunde<\/td>\n<\/tr>\n<tr class=\"row-69\">\n\t<td class=\"column-1\">Frau Ziskoven<\/td><td class=\"column-2\">Schulsozialarbeit<\/td>\n<\/tr>\n<\/tbody>\n<\/table>\n<!-- #tablepress-7 from cache -->\n","protected":false},"excerpt":{"rendered":"<p>Wenn Sie mit einer Lehrkraft der Schule ein Gespr\u00e4ch f\u00fchren m\u00f6chten, melden Sie sich bitte per Telefon im Sekretariat oder kontaktieren Sie die Lehrkraft pers\u00f6nlich \u00fcber den Ihnen bekannten Kontaktweg.&nbsp;<\/p>\n","protected":false},"author":1,"featured_media":0,"parent":0,"menu_order":0,"comment_status":"closed","ping_status":"closed","template":"","meta":{"footnotes":""},"class_list":["post-81","page","type-page","status-publish","hentry"],"_links":{"self":[{"href":"https:\/\/max-planck-realschule-koeln.de\/index.php?rest_route=\/wp\/v2\/pages\/81","targetHints":{"allow":["GET"]}}],"collection":[{"href":"https:\/\/max-planck-realschule-koeln.de\/index.php?rest_route=\/wp\/v2\/pages"}],"about":[{"href":"https:\/\/max-planck-realschule-koeln.de\/index.php?rest_route=\/wp\/v2\/types\/page"}],"author":[{"embeddable":true,"href":"https:\/\/max-planck-realschule-koeln.de\/index.php?rest_route=\/wp\/v2\/users\/1"}],"replies":[{"embeddable":true,"href":"https:\/\/max-planck-realschule-koeln.de\/index.php?rest_route=%2Fwp%2Fv2%2Fcomments&post=81"}],"version-history":[{"count":30,"href":"https:\/\/max-planck-realschule-koeln.de\/index.php?rest_route=\/wp\/v2\/pages\/81\/revisions"}],"predecessor-version":[{"id":2894,"href":"https:\/\/max-planck-realschule-koeln.de\/index.php?rest_route=\/wp\/v2\/pages\/81\/revisions\/2894"}],"wp:attachment":[{"href":"https:\/\/max-planck-realschule-koeln.de\/index.php?rest_route=%2Fwp%2Fv2%2Fmedia&parent=81"}],"curies":[{"name":"wp","href":"https:\/\/api.w.org\/{rel}","templated":true}]}}