{"id":456,"date":"2019-02-26T07:19:43","date_gmt":"2019-02-26T07:19:43","guid":{"rendered":"http:\/\/homepageag.max-planck-realschule-koeln.de\/?page_id=456"},"modified":"2025-08-25T08:22:35","modified_gmt":"2025-08-25T08:22:35","slug":"links","status":"publish","type":"page","link":"https:\/\/max-planck-realschule-koeln.de\/?page_id=456","title":{"rendered":"Partner und weitere Links"},"content":{"rendered":"<div class=\"wp-block-image\">\n<figure class=\"aligncenter size-medium\"><img loading=\"lazy\" decoding=\"async\" width=\"300\" height=\"212\" src=\"https:\/\/max-planck-realschule-koeln.de\/wp-content\/uploads\/2024\/09\/logo-invia-essen.jpg_657948346-300x212.jpg\" alt=\"\" class=\"wp-image-2674\" srcset=\"https:\/\/max-planck-realschule-koeln.de\/wp-content\/uploads\/2024\/09\/logo-invia-essen.jpg_657948346-300x212.jpg 300w, https:\/\/max-planck-realschule-koeln.de\/wp-content\/uploads\/2024\/09\/logo-invia-essen.jpg_657948346.jpg 600w\" sizes=\"auto, (max-width: 300px) 100vw, 300px\" \/><\/figure>\n<\/div>\n\n\n<p><strong>Mensa<\/strong><br>Seit dem Schuljahr 2024\/25 wird die Mensa von &#8222;INVIA &#8211; Essen f\u00fcr Kinder&#8220; betrieben. Weitere Informationen zum Essen und Vertr\u00e4gen entnehmen Sie bitte der Homepage von INVIA: <a href=\"https:\/\/www.invia-essenfuerkinder.de\/start\/\">IN VIA &#8211; Essen f\u00fcr Kinder invia-essenfuerkinder.de<\/a><\/p>\n\n\n\n<p>Bei Fragen zum Essen, Abos, Zahlungen und K\u00fcndigungen etc. setzen Sie sich bitte mit INVIA direkt in Verbindung. <\/p>\n\n\n\n<p>Ihre Ansprechpartner:<\/p>\n\n\n\n<p><strong><em>Vertr\u00e4ge und Fotos zusenden, Vertrags\u00e4nderungen,<\/em><\/strong> <strong><em>verlorene\/kaputte Essensk\u00e4rtchen:<\/em><\/strong><\/p>\n\n\n\n<p>Anja Reimann (<a href=\"mailto:Anja.Reimann@INVIA-Koeln.de\">Anja.Reimann@INVIA-Koeln.de<\/a>) Tel.: 0221 &#8211; 67029362<\/p>\n\n\n\n<p><em>oder<\/em><\/p>\n\n\n\n<p>Monika Kl\u00f6hn (<a href=\"mailto:Monika.Kloehn@INVIA-Koeln.de\">Monika.Kloehn@INVIA-Koeln.de<\/a>) Tel.: 0221 \u2013 4728832<\/p>\n\n\n\n<p><strong><em>Bei Fragen zu Abbuchungen, Zahlungen, K\u00fcndigung:<\/em><\/strong><\/p>\n\n\n\n<p>Monika Kl\u00f6hn (<a href=\"mailto:Monika.Kloehn@INVIA-Koeln.de\">Monika.Kloehn@INVIA-Koeln.de<\/a>) Tel.: 0221 \u2013 4728832<\/p>\n\n\n\n<p><strong><em>Bei Fragen zum Essen, Allergene, etc.<\/em><\/strong><\/p>\n\n\n\n<p>Manuela Wolter (<a href=\"mailto:Info@INVIAEssenfuerKinder.de\">Info@INVIAEssenfuerKinder.de<\/a>) Tel.: 0221 \u2013 67029351<\/p>\n\n\n\n<div class=\"wp-block-file\"><a id=\"wp-block-file--media-01eec7f0-4e8b-4f17-bab3-41f9c55ca2a6\" href=\"https:\/\/max-planck-realschule-koeln.de\/wp-content\/uploads\/2025\/08\/Essensgeldvertrag-MPR_SJ-2025-2026.pdf\">Essensgeldvertrag MPR_SJ 2025-2026<\/a><a href=\"https:\/\/max-planck-realschule-koeln.de\/wp-content\/uploads\/2025\/08\/Essensgeldvertrag-MPR_SJ-2025-2026.pdf\" class=\"wp-block-file__button wp-element-button\" download aria-describedby=\"wp-block-file--media-01eec7f0-4e8b-4f17-bab3-41f9c55ca2a6\">Herunterladen<\/a><\/div>\n\n\n\n<div class=\"wp-block-file\"><a id=\"wp-block-file--media-bd20815c-0d25-4c3e-be78-071c884e40c2\" href=\"https:\/\/max-planck-realschule-koeln.de\/wp-content\/uploads\/2025\/08\/BuT_Kurzantrag-Mittagessen-Leistungsempfaenger.pdf\">BuT_Kurzantrag Mittagessen Leistungsempf\u00e4nger<\/a><a href=\"https:\/\/max-planck-realschule-koeln.de\/wp-content\/uploads\/2025\/08\/BuT_Kurzantrag-Mittagessen-Leistungsempfaenger.pdf\" class=\"wp-block-file__button wp-element-button\" download aria-describedby=\"wp-block-file--media-bd20815c-0d25-4c3e-be78-071c884e40c2\">Herunterladen<\/a><\/div>\n\n\n<\/p>\n<p><strong>Mietra<\/strong> (Schlie\u00dff\u00e4cher)<br \/>An unserer Schule stehen Schlie\u00dff\u00e4cher der <a href=\"http:\/\/www.mietra.de\"><strong>Firma Mietra<\/strong><\/a> bereit.<br \/>Anmeldung, Service und K\u00fcndigung k\u00f6nnen direkt im Internet abgewickelt werden. <br \/>Hier bekommen Sie direkt ein <a href=\"https:\/\/serviceportal.schliessfaecher.de\/schliessfach-mieten?School=00982043\"><strong>Schlie\u00dffach an unserer Schule.<\/strong><\/a> <br \/>Mietra empfiehlt die Anmeldung des Schlie\u00dffaches im Internet f\u00fcr einen schnelleren Zugang zum Schlie\u00dffach.<img loading=\"lazy\" decoding=\"async\" class=\"aligncenter size-medium wp-image-2672\" src=\"https:\/\/max-planck-realschule-koeln.de\/wp-content\/uploads\/2024\/09\/Mietra_Logo_-300x110.png\" alt=\"\" width=\"300\" height=\"110\" srcset=\"https:\/\/max-planck-realschule-koeln.de\/wp-content\/uploads\/2024\/09\/Mietra_Logo_-300x110.png 300w, https:\/\/max-planck-realschule-koeln.de\/wp-content\/uploads\/2024\/09\/Mietra_Logo_-1024x376.png 1024w, https:\/\/max-planck-realschule-koeln.de\/wp-content\/uploads\/2024\/09\/Mietra_Logo_-768x282.png 768w, https:\/\/max-planck-realschule-koeln.de\/wp-content\/uploads\/2024\/09\/Mietra_Logo_.png 1339w\" sizes=\"auto, (max-width: 300px) 100vw, 300px\" \/><\/p>\n\n\n<p>Tel.: 0221 \u2013 67029351<\/p>\n\n\n\n<p><\/p>\n\n\n\n<p><\/p>\n\n\n\n<p><strong>WEITERE LINKS:<\/strong><br><a href=\"https:\/\/www.standardsicherung.schulministerium.nrw.de\/cms\/zentrale-pruefungen-10\/uebersicht\/\">Zentrale Pr\u00fcfungen Klasse 10<\/a><br><a href=\"https:\/\/www.schulentwicklung.nrw.de\/e\/lernstand8\/\">Lernstand Klasse 8<\/a><br><a href=\"http:\/\/www.lers-nrw.de\/\">Landeselternschaft<\/a><\/p>\n\n\n","protected":false},"excerpt":{"rendered":"<p>MensaSeit dem Schuljahr 2024\/25 wird die Mensa von &#8222;INVIA &#8211; Essen f\u00fcr Kinder&#8220; betrieben. Weitere Informationen zum Essen und Vertr\u00e4gen entnehmen Sie bitte der Homepage von INVIA: IN VIA &#8211; &#8230;<\/p>\n","protected":false},"author":1,"featured_media":0,"parent":0,"menu_order":0,"comment_status":"closed","ping_status":"closed","template":"","meta":{"footnotes":""},"class_list":["post-456","page","type-page","status-publish","hentry"],"_links":{"self":[{"href":"https:\/\/max-planck-realschule-koeln.de\/index.php?rest_route=\/wp\/v2\/pages\/456","targetHints":{"allow":["GET"]}}],"collection":[{"href":"https:\/\/max-planck-realschule-koeln.de\/index.php?rest_route=\/wp\/v2\/pages"}],"about":[{"href":"https:\/\/max-planck-realschule-koeln.de\/index.php?rest_route=\/wp\/v2\/types\/page"}],"author":[{"embeddable":true,"href":"https:\/\/max-planck-realschule-koeln.de\/index.php?rest_route=\/wp\/v2\/users\/1"}],"replies":[{"embeddable":true,"href":"https:\/\/max-planck-realschule-koeln.de\/index.php?rest_route=%2Fwp%2Fv2%2Fcomments&post=456"}],"version-history":[{"count":21,"href":"https:\/\/max-planck-realschule-koeln.de\/index.php?rest_route=\/wp\/v2\/pages\/456\/revisions"}],"predecessor-version":[{"id":2913,"href":"https:\/\/max-planck-realschule-koeln.de\/index.php?rest_route=\/wp\/v2\/pages\/456\/revisions\/2913"}],"wp:attachment":[{"href":"https:\/\/max-planck-realschule-koeln.de\/index.php?rest_route=%2Fwp%2Fv2%2Fmedia&parent=456"}],"curies":[{"name":"wp","href":"https:\/\/api.w.org\/{rel}","templated":true}]}}