{"id":2848,"date":"2025-04-04T19:29:34","date_gmt":"2025-04-04T19:29:34","guid":{"rendered":"https:\/\/max-planck-realschule-koeln.de\/?page_id=2848"},"modified":"2025-06-06T05:30:07","modified_gmt":"2025-06-06T05:30:07","slug":"flowmarkt-sa-14-06-2025","status":"publish","type":"page","link":"https:\/\/max-planck-realschule-koeln.de\/?page_id=2848","title":{"rendered":"Flowmarkt"},"content":{"rendered":"\n<p><span style=\"color: #ff0000;\"><strong>ABSAGE FLOHMARKT am Samstag, den 14.06.2025<\/strong><\/span><\/p>\n<p>Liebe Eltern,<br \/>wir m\u00f6chten Sie auf diesem Wege kurz informieren, dass wir unseren geplanten Flowmarkt am 14.6. leider absagen m\u00fcssen. Es sind leider nicht gen\u00fcgend Anmeldungen zustande gekommen.<br \/>Wir finden es sehr schade, dass das Projekt der Event-AG, einen Flohmarkt zu veranstalten, bei unserer Sch\u00fclerschaft aktuell auf kein gro\u00dfes Interesse st\u00f6\u00dft.<br \/>Vielleicht ergibt sich im n\u00e4chsten Schuljahr nochmal die M\u00f6glichkeit, das Projekt in anderer Form aufzugreifen. Alle Sch\u00fcler*innen, die sich f\u00fcr einen Stand angemeldet haben, erhalten in den n\u00e4chsten Tagen selbstverst\u00e4ndlich ihre Standgeb\u00fchr von 5\u20ac zur\u00fcck.<br \/>Ich bedanke mich aber auch bei allen Eltern, die uns bei dem Vorhaben unterst\u00fctzen wollten. Allem voran dem F\u00f6rderverein. Ebenso ein gro\u00dfes Lob an die Sch\u00fcler*innen der Event-AG, die seit ca. einem halben Jahr an diesem Projekt gearbeitet haben. Ihr habt das ganz gro\u00dfartig vorbereitet und wolltet unser Schulleben dadurch bereichern.<br \/>Mit freundlichen Gr\u00fc\u00dfen<br \/>S. Klein (Leitung Event-AG)<br \/>M. Knickenberg (Schulleitung)<\/p>\n\n\n\n<figure class=\"wp-block-image size-large\"><img loading=\"lazy\" decoding=\"async\" width=\"1024\" height=\"725\" src=\"https:\/\/max-planck-realschule-koeln.de\/wp-content\/uploads\/2025\/04\/Flowmarkt-Flyer-MaxPlanck-1024x725.jpg\" alt=\"\" class=\"wp-image-2854\" srcset=\"https:\/\/max-planck-realschule-koeln.de\/wp-content\/uploads\/2025\/04\/Flowmarkt-Flyer-MaxPlanck-1024x725.jpg 1024w, https:\/\/max-planck-realschule-koeln.de\/wp-content\/uploads\/2025\/04\/Flowmarkt-Flyer-MaxPlanck-300x212.jpg 300w, https:\/\/max-planck-realschule-koeln.de\/wp-content\/uploads\/2025\/04\/Flowmarkt-Flyer-MaxPlanck-768x544.jpg 768w, https:\/\/max-planck-realschule-koeln.de\/wp-content\/uploads\/2025\/04\/Flowmarkt-Flyer-MaxPlanck-1536x1087.jpg 1536w, https:\/\/max-planck-realschule-koeln.de\/wp-content\/uploads\/2025\/04\/Flowmarkt-Flyer-MaxPlanck-2048x1450.jpg 2048w\" sizes=\"auto, (max-width: 1024px) 100vw, 1024px\" \/><\/figure>\n\n\n\n\n\n<p>\u00a0<\/p>\n<p><b><span data-contrast=\"auto\">Unser erster Schulflohmarkt \u2013 Verkaufen, St\u00f6bern, Entdecken!<\/span><\/b><span data-ccp-props=\"{&quot;335559739&quot;:120}\">\u00a0<\/span><\/p>\n<p><span data-contrast=\"auto\">Am <\/span><b><span data-contrast=\"auto\">14.06.2025<\/span><\/b><span data-contrast=\"auto\"> veranstaltet die Max-Planck-Realschule zum ersten Mal einen gro\u00dfen Schulflohmarkt auf dem Schulhof der Schule. Hast du Dinge zu Hause, die du nicht mehr brauchst? M\u00f6chtest du sie verkaufen und anderen eine Freude machen? Oder liebst du es, nach besonderen Sch\u00e4tzen zu st\u00f6bern und tolle Schn\u00e4ppchen zu finden? Dann komm zu unserem ersten Schulflohmarkt! Hier k\u00f6nnen viele tolle Dinge verkauft bzw. gekauft werden, z.B. Kleidung, B\u00fccher, Spielzeug, Deko und vieles mehr. Vielleicht findest du genau das, was du suchst. Jeder hat doch etwas zu Hause, was zum Wegschmei\u00dfen zu schade ist und was man doch viel besser verkaufen k\u00f6nnte. So schont man die Umwelt und bessert gleichzeitig sein Taschengeld auf. F\u00fcr das leibliche Wohl sorgt unser F\u00f6rderverein mit einem Getr\u00e4nke- und Grillstand. Auch die Hauswirtschafts-AG wird die Besucher*innen mit Leckereien versorgen. Abgerundet wird unser Flohmarkt durch sportliche Angebote der Sporthelfer*innen und etwas Musik.<\/span><span data-ccp-props=\"{&quot;335559739&quot;:120}\">\u00a0<\/span><\/p>\n<p><b><span data-contrast=\"auto\">Wer kann mitmachen?\u00a0<\/span><\/b><span data-ccp-props=\"{&quot;335559739&quot;:120}\">\u00a0<\/span><\/p>\n<p><span data-contrast=\"auto\">Mitmachen k\u00f6nnen alle Sch\u00fcler*innen der Klasse 5-10 sowie Eltern und Lehrer*innen der Schule. Besuchen kann den Flohmarkt jede*r, auch wenn man nicht selbst an der Schule ist.\u00a0<\/span><span data-ccp-props=\"{&quot;335559739&quot;:120}\">\u00a0<\/span><\/p>\n<p><b><span data-contrast=\"auto\">Wann?\u00a0<\/span><\/b><span data-ccp-props=\"{&quot;335559739&quot;:120}\">\u00a0<\/span><\/p>\n<p><span data-contrast=\"auto\">Am Samstag, 14. Juni 2025, von 11:00 bis 16:00 Uhr.\u00a0<\/span><span data-ccp-props=\"{&quot;335559739&quot;:120}\">\u00a0<\/span><\/p>\n<p><b><span data-contrast=\"auto\">Wo?\u00a0<\/span><\/b><span data-ccp-props=\"{&quot;335559739&quot;:120}\">\u00a0<\/span><\/p>\n<p><span data-contrast=\"auto\">Max-Planck-Realschule, Planckstra\u00dfe 14, 51145 K\u00f6ln.\u00a0<\/span><span data-ccp-props=\"{&quot;335559739&quot;:120}\">\u00a0<\/span><\/p>\n<p><b><span data-contrast=\"auto\">Wie melde ich mich an?\u00a0<\/span><\/b><span data-ccp-props=\"{&quot;335559739&quot;:120}\">\u00a0<\/span><\/p>\n<p><span data-contrast=\"auto\">Melde dich an, indem du das Anmelde-Formular ausf\u00fcllst und es bis zum 06.06.2025 bei deinem\/deiner Klassenlehrer*in oder im Sekretariat abgibst. Die Anmeldezettel werden auch vorab von der Event-AG in den Klassen verteilt oder du kannst ihn auch hier herunterladen: <\/span><span data-ccp-props=\"{&quot;335559739&quot;:120}\">\u00a0<a href=\"https:\/\/max-planck-realschule-koeln.de\/wp-content\/uploads\/2025\/04\/Flowmarkt-Anmeldezettel-2025.pdf\">https:\/\/max-planck-realschule-koeln.de\/wp-content\/uploads\/2025\/04\/Flowmarkt-Anmeldezettel-2025.pdf<\/a><\/span><\/p>\n<p><span data-contrast=\"auto\">Vergiss nicht, deine E-Mail-Adresse anzugeben, damit wir dir eine Anmeldebest\u00e4tigung und alle weiteren Infos f\u00fcr den Auf- und Abbau zukommen lassen k\u00f6nnen.\u00a0<\/span><span data-ccp-props=\"{&quot;335559739&quot;:120}\">\u00a0<\/span><\/p>\n<p><b><span data-contrast=\"auto\">Regeln f\u00fcr den Verkauf:<\/span><\/b><span data-ccp-props=\"{&quot;335559739&quot;:120}\">\u00a0<\/span><\/p>\n<p><span data-contrast=\"auto\">Beachte bitte, dass beim Schulflohmarkt einige Regeln gelten, um einen fairen und reibungslosen Ablauf zu gew\u00e4hrleisten:<\/span><span data-ccp-props=\"{&quot;335559739&quot;:120}\">\u00a0<\/span><\/p>\n<ul>\n<li data-leveltext=\"\uf0b7\" data-font=\"Symbol\" data-listid=\"1\" data-list-defn-props=\"{&quot;335552541&quot;:1,&quot;335559685&quot;:720,&quot;335559991&quot;:360,&quot;469769226&quot;:&quot;Symbol&quot;,&quot;469769242&quot;:[8226],&quot;469777803&quot;:&quot;left&quot;,&quot;469777804&quot;:&quot;\uf0b7&quot;,&quot;469777815&quot;:&quot;hybridMultilevel&quot;}\" aria-setsize=\"-1\" data-aria-posinset=\"1\" data-aria-level=\"1\"><span data-contrast=\"auto\">Nur familienfreundliche Produkte sind erlaubt (keine Ware mit FSK 18). Das bedeutet, dass pornografische Inhalte, Waffen sowie auch Drogen und Alkohol nicht verkauft werden d\u00fcrfen. Es muss sich um gebrauchte Artikel handeln. Neuware darf also nicht verkauft werden. Ebenso keine Lebensmittel.<\/span><span data-ccp-props=\"{&quot;335559739&quot;:120}\">\u00a0<\/span><\/li>\n<\/ul>\n<ul>\n<li data-leveltext=\"\uf0b7\" data-font=\"Symbol\" data-listid=\"1\" data-list-defn-props=\"{&quot;335552541&quot;:1,&quot;335559685&quot;:720,&quot;335559991&quot;:360,&quot;469769226&quot;:&quot;Symbol&quot;,&quot;469769242&quot;:[8226],&quot;469777803&quot;:&quot;left&quot;,&quot;469777804&quot;:&quot;\uf0b7&quot;,&quot;469777815&quot;:&quot;hybridMultilevel&quot;}\" aria-setsize=\"-1\" data-aria-posinset=\"2\" data-aria-level=\"1\"><span data-contrast=\"auto\">Bleibt immer h\u00f6flich beim Verkaufen und habt realistische Preisvorstellungen. Das Handeln und Verhandeln um den Preis geh\u00f6rt bei einem Flohmarkt dazu. Biete deine Ware daher immer ein bisschen teurer an, als den Preis, den du letztlich erzielen m\u00f6chtest.\u00a0<\/span><span data-ccp-props=\"{&quot;335559739&quot;:120}\">\u00a0<\/span><\/li>\n<\/ul>\n<ul>\n<li data-leveltext=\"\uf0b7\" data-font=\"Symbol\" data-listid=\"1\" data-list-defn-props=\"{&quot;335552541&quot;:1,&quot;335559685&quot;:720,&quot;335559991&quot;:360,&quot;469769226&quot;:&quot;Symbol&quot;,&quot;469769242&quot;:[8226],&quot;469777803&quot;:&quot;left&quot;,&quot;469777804&quot;:&quot;\uf0b7&quot;,&quot;469777815&quot;:&quot;hybridMultilevel&quot;}\" aria-setsize=\"-1\" data-aria-posinset=\"3\" data-aria-level=\"1\"><span data-contrast=\"auto\">\u00dcberteuerte Artikel wie eine PlayStation, Fernseher etc. sollten nicht angeboten werden.<\/span><span data-ccp-props=\"{&quot;335559739&quot;:120}\">\u00a0<\/span><\/li>\n<\/ul>\n<ul>\n<li data-leveltext=\"\uf0b7\" data-font=\"Symbol\" data-listid=\"1\" data-list-defn-props=\"{&quot;335552541&quot;:1,&quot;335559685&quot;:720,&quot;335559991&quot;:360,&quot;469769226&quot;:&quot;Symbol&quot;,&quot;469769242&quot;:[8226],&quot;469777803&quot;:&quot;left&quot;,&quot;469777804&quot;:&quot;\uf0b7&quot;,&quot;469777815&quot;:&quot;hybridMultilevel&quot;}\" aria-setsize=\"-1\" data-aria-posinset=\"4\" data-aria-level=\"1\"><span data-contrast=\"auto\">Achte darauf, dass deine Artikel sauber sind (vor allem bei Kleidung) und funktionieren (technische Ger\u00e4te). Auf M\u00e4ngel, Fehler oder Defekte musst du beim Verkauf hinweisen.<\/span><span data-ccp-props=\"{&quot;335559739&quot;:120}\">\u00a0<\/span><\/li>\n<\/ul>\n<ul>\n<li data-leveltext=\"\uf0b7\" data-font=\"Symbol\" data-listid=\"1\" data-list-defn-props=\"{&quot;335552541&quot;:1,&quot;335559685&quot;:720,&quot;335559991&quot;:360,&quot;469769226&quot;:&quot;Symbol&quot;,&quot;469769242&quot;:[8226],&quot;469777803&quot;:&quot;left&quot;,&quot;469777804&quot;:&quot;\uf0b7&quot;,&quot;469777815&quot;:&quot;hybridMultilevel&quot;}\" aria-setsize=\"-1\" data-aria-posinset=\"5\" data-aria-level=\"1\"><span data-contrast=\"auto\">Zahlungsm\u00f6glichkeiten: Es kann nur mit Bargeld bezahlt werden. Eine R\u00fcckgabe der Ware ist nicht m\u00f6glich! Denk bitte also auch an etwas Wechselgeld.\u00a0<\/span><span data-ccp-props=\"{&quot;335559739&quot;:120}\">\u00a0<\/span><\/li>\n<\/ul>\n<ul>\n<li data-leveltext=\"\uf0b7\" data-font=\"Symbol\" data-listid=\"1\" data-list-defn-props=\"{&quot;335552541&quot;:1,&quot;335559685&quot;:720,&quot;335559991&quot;:360,&quot;469769226&quot;:&quot;Symbol&quot;,&quot;469769242&quot;:[8226],&quot;469777803&quot;:&quot;left&quot;,&quot;469777804&quot;:&quot;\uf0b7&quot;,&quot;469777815&quot;:&quot;hybridMultilevel&quot;}\" aria-setsize=\"-1\" data-aria-posinset=\"6\" data-aria-level=\"1\"><span data-contrast=\"auto\">Jede*r Verk\u00e4ufer*in ist f\u00fcr den eigenen Stand verantwortlich und muss die Aufsicht \u00fcber die eigenen Waren \u00fcbernehmen. Bei j\u00fcngeren Sch\u00fcler*innen (Kl. 5\/6) sollten die Eltern anwesend sein.\u00a0<\/span><span data-ccp-props=\"{&quot;335559739&quot;:120}\">\u00a0<\/span><\/li>\n<\/ul>\n<ul>\n<li data-leveltext=\"\uf0b7\" data-font=\"Symbol\" data-listid=\"1\" data-list-defn-props=\"{&quot;335552541&quot;:1,&quot;335559685&quot;:720,&quot;335559991&quot;:360,&quot;469769226&quot;:&quot;Symbol&quot;,&quot;469769242&quot;:[8226],&quot;469777803&quot;:&quot;left&quot;,&quot;469777804&quot;:&quot;\uf0b7&quot;,&quot;469777815&quot;:&quot;hybridMultilevel&quot;}\" aria-setsize=\"-1\" data-aria-posinset=\"7\" data-aria-level=\"1\"><span data-contrast=\"auto\">Halte dich bitte an die festgelegten Zeiten f\u00fcr den Auf- und Abbau. Der Aufbau deines Stands muss zwischen 9.30-11 Uhr erfolgen. Der Abbau ist ab 16 Uhr m\u00f6glich. Ein fr\u00fcherer Abbau ist nicht m\u00f6glich, da es die Atmosph\u00e4re st\u00f6rt und die Besucher*innen bis 16 Uhr die M\u00f6glichkeit haben sollen, auf dem Flohmarkt zu st\u00f6bern. (Alle Infos werden bei Anmeldung per Mail mitgeteilt).\u00a0<\/span><span data-ccp-props=\"{&quot;335559739&quot;:120}\">\u00a0<\/span><\/li>\n<\/ul>\n<p><b><span data-contrast=\"auto\">Standgeb\u00fchr &amp; Pfand:<\/span><\/b><span data-ccp-props=\"{&quot;335559739&quot;:120}\">\u00a0<\/span><\/p>\n<p><span data-contrast=\"auto\">Jede*r Verk\u00e4ufer*in zahlt mit der Anmeldung eine Standgeb\u00fchr von 5\u20ac pro Stand. Die Tischl\u00e4nge betr\u00e4gt 2,60 Meter (2 Schultische). Du kannst deine Waren nat\u00fcrlich zus\u00e4tzlich auch noch unter den Tisch stellen (z.B. in Kartons, K\u00f6rben etc.)\u00a0 Von jedem\/jeder Verk\u00e4ufer*in sammeln wir morgens 10\u20ac Pfand ein. Diese 10\u20ac Pfand werden zur\u00fcckerstattet, wenn der Stand am Ende ordentlich hinterlassen wurde. Dazu geh\u00f6rt auch, dass die Tische eigenst\u00e4ndig zur\u00fcck ins Geb\u00e4ude gebracht und kein M\u00fcll oder nicht verkaufte Ware zur\u00fcckgelassen werden.\u00a0<\/span><span data-ccp-props=\"{&quot;335559739&quot;:120}\">\u00a0<\/span><\/p>\n<p><b><span data-contrast=\"auto\">Schlechtes Wetter:<\/span><\/b><span data-ccp-props=\"{&quot;335559739&quot;:120}\">\u00a0<\/span><\/p>\n<p><span data-contrast=\"auto\">Bei schlechtem Wetter (Dauerregen) werden wir den Flohmarkt in die beiden Turnhallen und Mensa verlegen. Bei leichtem Regen oder einzelnen Regenschauern empfiehlt es sich eine Plane\/Folie mitzubringen, um die Tische und Waren abzudecken. Eine Absage des Standes ist in jedem Fall bis 24 Std. vorher per Mail m\u00f6glich: <\/span><a href=\"mailto:flowmarkt-mpr@web.de\"><span data-contrast=\"none\">flowmarkt-mpr@web.de<\/span><\/a> <span data-ccp-props=\"{&quot;335559739&quot;:120}\">\u00a0<\/span><\/p>\n<p><span data-ccp-props=\"{&quot;335559739&quot;:120}\">\u00a0<\/span><\/p>\n<p><span data-contrast=\"auto\">Wir hoffen auf eine gro\u00dfe Teilnahme und viele Besucher*innen und freuen uns auf den Schulflohmarkt mit euch und Ihnen! Wir haben den FLOW!<\/span><span data-ccp-props=\"{&quot;335559739&quot;:120}\">\u00a0<\/span><\/p>\n<p><span data-ccp-props=\"{&quot;335559739&quot;:120}\">\u00a0<\/span><\/p>\n<p><span data-contrast=\"auto\">Eure\/Ihre<\/span><span data-ccp-props=\"{&quot;335559739&quot;:120}\">\u00a0<\/span><\/p>\n<p><span data-contrast=\"auto\">EVENT-AG<\/span><span data-ccp-props=\"{&quot;335559739&quot;:120}\">\u00a0<\/span><\/p>\n\n\n\n\n","protected":false},"excerpt":{"rendered":"<p>ABSAGE FLOHMARKT am Samstag, den 14.06.2025 Liebe Eltern,wir m\u00f6chten Sie auf diesem Wege kurz informieren, dass wir unseren geplanten Flowmarkt am 14.6. leider absagen m\u00fcssen. Es sind leider nicht gen\u00fcgend &#8230;<\/p>\n","protected":false},"author":1,"featured_media":0,"parent":0,"menu_order":0,"comment_status":"closed","ping_status":"closed","template":"","meta":{"footnotes":""},"class_list":["post-2848","page","type-page","status-publish","hentry"],"_links":{"self":[{"href":"https:\/\/max-planck-realschule-koeln.de\/index.php?rest_route=\/wp\/v2\/pages\/2848","targetHints":{"allow":["GET"]}}],"collection":[{"href":"https:\/\/max-planck-realschule-koeln.de\/index.php?rest_route=\/wp\/v2\/pages"}],"about":[{"href":"https:\/\/max-planck-realschule-koeln.de\/index.php?rest_route=\/wp\/v2\/types\/page"}],"author":[{"embeddable":true,"href":"https:\/\/max-planck-realschule-koeln.de\/index.php?rest_route=\/wp\/v2\/users\/1"}],"replies":[{"embeddable":true,"href":"https:\/\/max-planck-realschule-koeln.de\/index.php?rest_route=%2Fwp%2Fv2%2Fcomments&post=2848"}],"version-history":[{"count":9,"href":"https:\/\/max-planck-realschule-koeln.de\/index.php?rest_route=\/wp\/v2\/pages\/2848\/revisions"}],"predecessor-version":[{"id":2879,"href":"https:\/\/max-planck-realschule-koeln.de\/index.php?rest_route=\/wp\/v2\/pages\/2848\/revisions\/2879"}],"wp:attachment":[{"href":"https:\/\/max-planck-realschule-koeln.de\/index.php?rest_route=%2Fwp%2Fv2%2Fmedia&parent=2848"}],"curies":[{"name":"wp","href":"https:\/\/api.w.org\/{rel}","templated":true}]}}