{"id":270,"date":"2019-02-22T10:27:05","date_gmt":"2019-02-22T10:27:05","guid":{"rendered":"http:\/\/homepageag.max-planck-realschule-koeln.de\/?page_id=270"},"modified":"2025-04-28T06:03:47","modified_gmt":"2025-04-28T06:03:47","slug":"streitschlichter","status":"publish","type":"page","link":"https:\/\/max-planck-realschule-koeln.de\/?page_id=270","title":{"rendered":"Streitschlichter"},"content":{"rendered":"\n<p><strong>Streitschlichtungs-AG an der Max-Planck-Realschule<\/strong><br \/><br \/>An unserer Schule bieten wir eine Streitschlichtungs-AG an, in der Sch\u00fclerinnen und Sch\u00fcler der 9. Klasse zu Streitschlichtern nach dem Bensberger Mediationsmodell ausgebildet werden.<br \/>Diese Ausbildung bereitet sie darauf vor, in der 10. Klasse selbst als aktive StreitschlichterInnen t\u00e4tig zu sein.<br \/><br \/>Im Rahmen der Ausbildung lernen unsere Sch\u00fclerinnen und Sch\u00fcler die Grundlagen der Mediation kennen, einen strukturierten Prozess zur Konfliktl\u00f6sung. Mediation bedeutet, dass ein neutraler Dritter (an unserer Schule sind es zwei Schlichtende), die beteiligten Streitparteien unterst\u00fctzt, ihren Konflikt selbst zu l\u00f6sen. Der Mediator findet selbst keine L\u00f6sung, sondern f\u00f6rdert den Dialog und hilft die Interessen und Bed\u00fcrfnisse der Streitenden zu kl\u00e4ren. Er ermutigt sie, gemeinsam nach eigenen L\u00f6sungen zu suchen.<br \/>In der AG lernen die Teilnehmer wichtige F\u00e4higkeiten wie Kommunikation, Empathie und Konfliktl\u00f6sungstechniken. Durch praxisnahe \u00dcbungen und Rollenspiele werden sie darauf vorbereitet, in Konfliktsituationen zu vermitteln und eine positive L\u00f6sung f\u00fcr alle Beteiligten zu finden.\u00a0Das Bensberger Mediationsmodell legt somit besonderen Wert auf die Kommunikation und das Verst\u00e4ndnis zwischen den Konfliktparteien.<br \/>Das Ziel ist es, eine einvernehmliche L\u00f6sung zu finden, die f\u00fcr alle Beteiligten akzeptabel ist. Diese wird vertraglich festgehalten.<br \/>Unsere Sch\u00fclerinnen und Sch\u00fcler sch\u00e4tzen die AG sehr, weil sie nicht nur ihre eigenen sozialen Kompetenzen st\u00e4rken, sondern auch wertvolle F\u00e4higkeiten f\u00fcr ihr sp\u00e4teres Leben erwerben k\u00f6nnen.<br \/>Die Streitschlichtung an unserer Schule tr\u00e4gt zu einem respektvollen und harmonischen Miteinander zwischen unseren Sch\u00fclerinnen und Sch\u00fclern bei und sorgt somit f\u00fcr ein positives und freundliches Schulklima an der Max-Planck-RS.<\/p>\n\n\n","protected":false},"excerpt":{"rendered":"<p>Streitschlichtungs-AG an der Max-Planck-Realschule An unserer Schule bieten wir eine Streitschlichtungs-AG an, in der Sch\u00fclerinnen und Sch\u00fcler der 9. Klasse zu Streitschlichtern nach dem Bensberger Mediationsmodell ausgebildet werden.Diese Ausbildung bereitet &#8230;<\/p>\n","protected":false},"author":1,"featured_media":547,"parent":0,"menu_order":0,"comment_status":"closed","ping_status":"closed","template":"","meta":{"footnotes":""},"class_list":["post-270","page","type-page","status-publish","has-post-thumbnail","hentry"],"_links":{"self":[{"href":"https:\/\/max-planck-realschule-koeln.de\/index.php?rest_route=\/wp\/v2\/pages\/270","targetHints":{"allow":["GET"]}}],"collection":[{"href":"https:\/\/max-planck-realschule-koeln.de\/index.php?rest_route=\/wp\/v2\/pages"}],"about":[{"href":"https:\/\/max-planck-realschule-koeln.de\/index.php?rest_route=\/wp\/v2\/types\/page"}],"author":[{"embeddable":true,"href":"https:\/\/max-planck-realschule-koeln.de\/index.php?rest_route=\/wp\/v2\/users\/1"}],"replies":[{"embeddable":true,"href":"https:\/\/max-planck-realschule-koeln.de\/index.php?rest_route=%2Fwp%2Fv2%2Fcomments&post=270"}],"version-history":[{"count":4,"href":"https:\/\/max-planck-realschule-koeln.de\/index.php?rest_route=\/wp\/v2\/pages\/270\/revisions"}],"predecessor-version":[{"id":2858,"href":"https:\/\/max-planck-realschule-koeln.de\/index.php?rest_route=\/wp\/v2\/pages\/270\/revisions\/2858"}],"wp:featuredmedia":[{"embeddable":true,"href":"https:\/\/max-planck-realschule-koeln.de\/index.php?rest_route=\/wp\/v2\/media\/547"}],"wp:attachment":[{"href":"https:\/\/max-planck-realschule-koeln.de\/index.php?rest_route=%2Fwp%2Fv2%2Fmedia&parent=270"}],"curies":[{"name":"wp","href":"https:\/\/api.w.org\/{rel}","templated":true}]}}