{"id":266,"date":"2019-02-22T10:26:27","date_gmt":"2019-02-22T10:26:27","guid":{"rendered":"http:\/\/homepageag.max-planck-realschule-koeln.de\/?page_id=266"},"modified":"2019-02-27T18:27:32","modified_gmt":"2019-02-27T18:27:32","slug":"schuelerpaten","status":"publish","type":"page","link":"https:\/\/max-planck-realschule-koeln.de\/?page_id=266","title":{"rendered":"Sch\u00fclerpaten"},"content":{"rendered":"\n<p><strong>Welche Aufgaben haben\nSch\u00fclerpaten an der Max-Planck-Realschule?<\/strong><\/p>\n\n\n\n<p>Aktive Teilnahme an der Patenausbildung und weiteren vorbereitenden TreffenVorbereitung des Kennlernnachmittags (z.B. Stuhlkreis und Spiele, Namensschilder) sowie aktive Mitgestaltung des Kennlernnachmittags Unterst\u00fctzung der Klassenlehrer w\u00e4hrend der ersten Schultage der 5. Klassen durch z.B.:<br>&#8211; Vorstellungsrunde in den 5er-KlassenTeilnahme an und Anleitung von Kennlernaktivit\u00e4ten<br>&#8211; Gestaltung des Klassenraumes, eines Klassenplakats und von Namensschildern<br>&#8211; Gestaltung von Warming-Ups<br>&#8211; F\u00fchrung durch die Schule\/ Erkundung der Schule\/ Durchf\u00fchren einer Schulrallye<br>&#8211; Unterst\u00fctzung bei der Schulbuchausgabe (B\u00fccher auf M\u00e4ngel kontrollieren, M\u00e4ngel festhalten und Sch\u00fclerunterschriften kontrollieren)<br>&#8211; Unterst\u00fctzung bei der Materialorganisation (Beschriften von Heftern, Mappen, Kunstmaterialien etc. Schlie\u00dffach- und Ranzenordnung)<br>&#8211; Erkl\u00e4ren des Vertretungsplans<br>&#8211; Erkl\u00e4rung der Klassen\u00e4mter (Klassensprecher, Klassenbuch etc.)<br>&#8211; Verhalten bei Feueralarm<br>&#8211; Verhalten in Pausen<br>&#8211; Vermittlung der Schulordnung und Schulregeln<br>&#8211; Schlie\u00dffachtraining<br>&#8211; Ggf. gemeinsames Mittagessen in der Schulmensa (Kennenlernen der Abl\u00e4ufe)<br>&#8211; Begleitung der Klassen zu ihren Klassenr\u00e4umen in den ersten beiden Schulwochen<br>&#8211; Ansprechpartner in Konfliktsituationen und bei Fragen<br>&#8211; Beteiligung an Klassennachmittagen\/Klassenfeiern\/-ausfl\u00fcgen<br>&#8211; Ansprechpartner bei Konflikten\/ Fragen etc.ggf.<br>&#8211; Anbieten von\u2018 aktiven Pausen\u2018 (Pausenspiele o.\u00e4.)<br>&#8211; \u00dcbernahme von Aufgaben zum Tag der offenen T\u00fcr<br>&#8211; Teilnahme an einzelnen Unterrichtsstunden (z.B. Kennlernstunden, Schulrallye, Sozialtraining, Methodentraining, Klassenfr\u00fchst\u00fcck, Klassenrat, Erarbeitung von Klassenregeln etc.)<br>&#8211; freiwillige Teilnahme am Unterricht in der Patenklasse in eigenen Freistunden<br>&#8211; Ggf. einmal pro Woche festen Treffpunkt auf dem Schulhof vereinbaren, wo sie f\u00fcr die 5er ansprechbar sind.<br>&#8211; gemeinsame F\u00fchrung durch die Schulb\u00fccherei<br>&#8211; Unterst\u00fctzung bei Projekttagen<br>\u2026<\/p>\n\n\n\n<p><strong>Ziele f\u00fcr die Paten<\/strong><br>&#8211; St\u00e4rkung des Selbstvertrauens und Selbstwertgef\u00fchls durch die Anerkennung ihres Engagements als Paten<br>&#8211; F\u00f6rderung eines bewussten und angemessenen Sozialverhaltens durch ihre Rolle als Vorbild f\u00fcr die j\u00fcngeren Sch\u00fclerinnen und Sch\u00fcler<br>&#8211; F\u00f6rderung des jahrgangs\u00fcbergreifenden Zusammenhalts der Sch\u00fclerinnen und Sch\u00fcler untereinander<br>&#8211; F\u00f6rderung, Konflikten im Alltag angemessen begegnen zu k\u00f6nnen<br>&#8211; F\u00f6rderung der F\u00e4higkeit, Verantwortung f\u00fcr \u00fcbertragene Aufgaben zu \u00fcbernehmen<br>&#8211; F\u00f6rderung der eigenen Organisationsf\u00e4higkeit durch die Vorbereitung der verschiedensten Aktionen<br>&#8211; Bei aktiver Teilnahme erhalten die Paten ein Zertifikat \u00fcber die Patenausbildung<br>&#8211; Bei angemessenem Einsatz wird die Sch\u00fclerpaten-T\u00e4tigkeit positiv auf dem Zeugnis vermerkt.<br>&#8211; Engagierte Paten k\u00f6nnen im Folgejahr bei der Patenausbildung mitwirken.<\/p>\n\n\n\n<p><strong>Ziele f\u00fcr Sch\u00fclerinnen und Sch\u00fcler der 5. Klassen<\/strong><br>Die Sch\u00fcler\/Sch\u00fclerinnen der neuen 5. Klassen lernen schon am Kennlernnachmittag\/ am ersten Schultag Sch\u00fcler\/innen ihrer neuen Schule kennen. Den neuen Sch\u00fclerinnen und Sch\u00fclern wird die Angst vor den vielen neuen Mitsch\u00fclerinnen und Mitsch\u00fclern, Lehrerinnen und Lehrern und Regeln genommen.<br>Die neuen Sch\u00fclerinnen und Sch\u00fcler erfahren nach und nach, welche M\u00f6glichkeiten die Schule ihnen bietet und bekommen wertvolle Informationen.<br>Die Sch\u00fclerinnen und Sch\u00fcler kennen Ansprechpartner, die sie bei Fragen und Problemen kontaktieren k\u00f6nnen.<br>Die Sch\u00fclerinnen und Sch\u00fcler sollen motiviert werden, sich einmal selbst f\u00fcr die Schulgemeinschaft einzusetzen.<\/p>\n\n\n\n<p><br><strong>Ziele der Patenausbildung<\/strong><br>Die Sch\u00fclerpaten werden in einer dreit\u00e4gigen Kompaktausbildung auf ihre Aufgabe vorbereitet und nehmen an weiteren vorbereitenden Treffen teil.<br>Die Paten lernen Kennlernspiele kennen und k\u00f6nnen diese anleiten. <br>Die Paten erarbeiten Kennlernaktivit\u00e4ten (Steckbriefe, Autogrammj\u00e4ger, Spielfragen etc.)<br>Die Paten erarbeiten sich m\u00f6gliche Fragen\/Schwierigkeiten der F\u00fcnftkl\u00e4ssler.<br>Die Paten werden sich \u00fcber eigene Einsatzm\u00f6glichkeiten klar.<br>Die Paten lernen, sich vorzustellen.<br>Die Paten lernen, als Team zu arbeiten.<br>Die Paten lernen Methoden der Gruppenbildung kennen.<br>Die Paten lernen Aktivierungsspiele\/Energizer kennen.<br>Die Paten lernen Feedback- und Selbsteinsch\u00e4tzungsmethoden kennen.<br>Die Paten erarbeiten eine Schulrallye, einen Schulrundgang und Ideen zur Vermittlung der Schulregeln, Schulordnung, des Vertretungsplanes etc.<br>Die Paten lernen, souver\u00e4n mit Konfliktsituationen umzugehen und sich Hilfe zu holen.<\/p>\n\n\n\n<p>Durch ihr Engagement als Sch\u00fclerpaten \u00fcbernehmen die Sch\u00fclerinnen und\nSch\u00fcler wichtige Verantwortung f\u00fcr die k\u00fcnftigen F\u00fcnftkl\u00e4ssler und tragen so\nganz ma\u00dfgeblich zu einem guten Schulklima bei.<\/p>\n\n\n\n<p>(Fr. Bertschy\/Fr. Brinker)<\/p>\n","protected":false},"excerpt":{"rendered":"<p>Welche Aufgaben haben Sch\u00fclerpaten an der Max-Planck-Realschule? Aktive Teilnahme an der Patenausbildung und weiteren vorbereitenden TreffenVorbereitung des Kennlernnachmittags (z.B. Stuhlkreis und Spiele, Namensschilder) sowie aktive Mitgestaltung des Kennlernnachmittags Unterst\u00fctzung der &#8230;<\/p>\n","protected":false},"author":1,"featured_media":554,"parent":0,"menu_order":0,"comment_status":"closed","ping_status":"closed","template":"","meta":{"footnotes":""},"class_list":["post-266","page","type-page","status-publish","has-post-thumbnail","hentry"],"_links":{"self":[{"href":"https:\/\/max-planck-realschule-koeln.de\/index.php?rest_route=\/wp\/v2\/pages\/266","targetHints":{"allow":["GET"]}}],"collection":[{"href":"https:\/\/max-planck-realschule-koeln.de\/index.php?rest_route=\/wp\/v2\/pages"}],"about":[{"href":"https:\/\/max-planck-realschule-koeln.de\/index.php?rest_route=\/wp\/v2\/types\/page"}],"author":[{"embeddable":true,"href":"https:\/\/max-planck-realschule-koeln.de\/index.php?rest_route=\/wp\/v2\/users\/1"}],"replies":[{"embeddable":true,"href":"https:\/\/max-planck-realschule-koeln.de\/index.php?rest_route=%2Fwp%2Fv2%2Fcomments&post=266"}],"version-history":[{"count":2,"href":"https:\/\/max-planck-realschule-koeln.de\/index.php?rest_route=\/wp\/v2\/pages\/266\/revisions"}],"predecessor-version":[{"id":455,"href":"https:\/\/max-planck-realschule-koeln.de\/index.php?rest_route=\/wp\/v2\/pages\/266\/revisions\/455"}],"wp:featuredmedia":[{"embeddable":true,"href":"https:\/\/max-planck-realschule-koeln.de\/index.php?rest_route=\/wp\/v2\/media\/554"}],"wp:attachment":[{"href":"https:\/\/max-planck-realschule-koeln.de\/index.php?rest_route=%2Fwp%2Fv2%2Fmedia&parent=266"}],"curies":[{"name":"wp","href":"https:\/\/api.w.org\/{rel}","templated":true}]}}