{"id":102,"date":"2019-02-20T20:33:11","date_gmt":"2019-02-20T20:33:11","guid":{"rendered":"http:\/\/homepageag.max-planck-realschule-koeln.de\/?page_id=102"},"modified":"2022-06-21T12:28:57","modified_gmt":"2022-06-21T12:28:57","slug":"arbeitsgemeinschaften","status":"publish","type":"page","link":"https:\/\/max-planck-realschule-koeln.de\/?page_id=102","title":{"rendered":"Arbeitsgemeinschaften"},"content":{"rendered":"\n<p>Seit dem Schuljahr 2012\/13 gibt es an der Max-Planck-Realschule sogenannte AG-Schienen. Die Sch\u00fclerinnen und Sch\u00fcler der Klassen 5 und 6 sowie die Sch\u00fclerinnen und Sch\u00fcler der Klassen 9 w\u00e4hlen aus einem Angebot eine verpflichtende AG. Diese AG wird dann von den Sch\u00fclerinnen und Sch\u00fclern einmal in der Woche f\u00fcr eine Stunde besucht. Diese AG-Schiene liegt in den Nachmittagsstunden, damit wir auch auf Angebote von Externen (z. B. Eltern oder Vereine) zur\u00fcckgreifen k\u00f6nnen.<\/p>\n\n\n\n<p>Im Folgenden sind einige Beispiele von AG\u00b4s aufgelistet, die f\u00fcr die Klassen 5 und 6 angeboten werden. Das Angebot ver\u00e4ndert sich \u00fcber die Jahre und h\u00e4ngt von verschiedenen Faktoren ab.<br>Chor-AG, Bastel-AG,  Spiele-AG, Lese-AG, Starke Jungs-AG, Technik-AG, Keyboard-AG, Tanz-AG, Kreativ-Werkstatt, Lese-AG, Fu\u00dfball-AG, &#8230;.<\/p>\n\n\n\n<p>Auch f\u00fcr die Stufe 9 bieten wir vielf\u00e4ltige AG an, wie z.B. Backen, Streitschlichter, Patenausbildung, Sporthelfer, Sanit\u00e4ter, Kunst, Jiu-Jitsu, Spanisch, Hauswirtschaft&#8230;<\/p>\n\n\n\n<p>Unser aktuelles AG-Angebot mit Beschreibungen f\u00fcr das Schuljahr 2022\/23 finden Sie hier:<\/p>\n\n\n\n<p><strong><a href=\"https:\/\/max-planck-realschule-koeln.de\/wp-content\/uploads\/2021\/07\/AG-Angebote-Klasse-5-Schuljahr-22-23.pdf\">Klasse 5<\/a><\/strong><\/p>\n\n\n\n<p><strong><a href=\"https:\/\/max-planck-realschule-koeln.de\/wp-content\/uploads\/2021\/07\/AG-Angebote-Klasse-6-Schuljahr-22-23.pdf\">Klasse 6<\/a><\/strong><\/p>\n\n\n\n<p><strong><a href=\"https:\/\/max-planck-realschule-koeln.de\/wp-content\/uploads\/2021\/07\/AG-Angebote-Klasse-9-Schuljahr-22-23.pdf\">Klasse 9<\/a> <\/strong><\/p>\n\n\n\n<p style=\"text-align: center;\"><strong><a href=\"https:\/\/max-planck-realschule-koeln.de\/?page_id=270\">Streitschlichter<\/a>\u00a0 \u00a0 \u00a0\u00a0 \u00a0\u00a0 \u00a0\u00a0 <a href=\"https:\/\/max-planck-realschule-koeln.de\/?page_id=268\">Sporthelfer \u00a0 \u00a0 \u00a0 \u00a0 \u00a0 \u00a0 \u00a0 \u00a0 \u00a0<\/a><a href=\"https:\/\/max-planck-realschule-koeln.de\/?page_id=266\">Sch\u00fclerpaten<\/a><\/strong><\/p>\n","protected":false},"excerpt":{"rendered":"<p>Seit dem Schuljahr 2012\/13 gibt es an der Max-Planck-Realschule sogenannte AG-Schienen. Die Sch\u00fclerinnen und Sch\u00fcler der Klassen 5 und 6 sowie die Sch\u00fclerinnen und Sch\u00fcler der Klassen 9 w\u00e4hlen aus &#8230;<\/p>\n","protected":false},"author":1,"featured_media":0,"parent":0,"menu_order":0,"comment_status":"closed","ping_status":"closed","template":"","meta":{"footnotes":""},"class_list":["post-102","page","type-page","status-publish","hentry"],"_links":{"self":[{"href":"https:\/\/max-planck-realschule-koeln.de\/index.php?rest_route=\/wp\/v2\/pages\/102","targetHints":{"allow":["GET"]}}],"collection":[{"href":"https:\/\/max-planck-realschule-koeln.de\/index.php?rest_route=\/wp\/v2\/pages"}],"about":[{"href":"https:\/\/max-planck-realschule-koeln.de\/index.php?rest_route=\/wp\/v2\/types\/page"}],"author":[{"embeddable":true,"href":"https:\/\/max-planck-realschule-koeln.de\/index.php?rest_route=\/wp\/v2\/users\/1"}],"replies":[{"embeddable":true,"href":"https:\/\/max-planck-realschule-koeln.de\/index.php?rest_route=%2Fwp%2Fv2%2Fcomments&post=102"}],"version-history":[{"count":15,"href":"https:\/\/max-planck-realschule-koeln.de\/index.php?rest_route=\/wp\/v2\/pages\/102\/revisions"}],"predecessor-version":[{"id":2205,"href":"https:\/\/max-planck-realschule-koeln.de\/index.php?rest_route=\/wp\/v2\/pages\/102\/revisions\/2205"}],"wp:attachment":[{"href":"https:\/\/max-planck-realschule-koeln.de\/index.php?rest_route=%2Fwp%2Fv2%2Fmedia&parent=102"}],"curies":[{"name":"wp","href":"https:\/\/api.w.org\/{rel}","templated":true}]}}